354 (base 16) in base 8?
-1524
-7ed (base 15) to base 3
-2110121
Convert 101001 (base 2) to base 5.
131
-197 (base 14) to base 4
-11021
Convert -51 (base 7) to base 6.
-100
Convert -1041 (base 9) to base 12.
-53a
Convert 101302 (base 6) to base 14.
2d4a
Convert -1001 (base 6) to base 12.
-161
What is -174 (base 12) in base 16?
-e8
What is -445 (base 11) in base 9?
-652
-d8f (base 16) to base 5
-102341
Convert 40082 (base 9) to base 13.
bc96
Convert -1123 (base 4) to base 12.
-77
3401 (base 6) to base 4
30121
Convert 1574 (base 9) to base 3.
1122111
-54740 (base 8) to base 3
-1011120011
Convert -17078 (base 10) to base 5.
-1021303
Convert -12011 (base 3) to base 6.
-351
Convert -13721 (base 12) to base 14.
-9b73
What is -22141 (base 6) in base 10?
-3085
100012 (base 3) to base 6
1052
Convert 1209d (base 14) to base 10.
44043
-cc7 (base 13) to base 8
-4217
-37153 (base 9) to base 3
-1021011210
What is 10110110 (base 2) in base 12?
132
Convert 113 (base 9) to base 13.
72
10100110000101 (base 2) to base 15
3239
-764 (base 11) to base 16
-395
Convert -116240 (base 7) to base 11.
-15088
-2928 (base 16) to base 12
-6120
Convert 247 (base 9) to base 14.
109
1cdc (base 16) to base 4
1303130
17711 (base 8) to base 12
4861
What is -56 (base 7) in base 16?
-29
302031 (base 4) to base 8
6215
Convert -350 (base 16) to base 7.
-2321
Convert -1032 (base 13) to base 3.
-10001220
-1a98 (base 13) to base 11
-3018
11011021 (base 3) to base 15
d71
What is 3350 (base 9) in base 12?
1523
What is 707 (base 14) in base 11?
1044
Convert 23b (base 13) to base 15.
1ad
1001131 (base 4) to base 8
10135
What is 8c5 (base 13) in base 16?
5e9
21202210 (base 3) to base 9
7683
Convert 42104 (base 6) to base 10.
5656
-5115 (base 8) to base 14
-d65
What is -34 (base 6) in base 5?
-42
What is 11878 (base 14) in base 2?
1010011101010010
Convert 112102 (base 3) to base 15.
1ae
What is 345 (base 8) in base 4?
3211
-288 (base 16) to base 14
-344
4032 (base 5) to base 7
1336
665 (base 11) to base 2
1100011101
Convert 10ab (base 14) to base 13.
1419
Convert -110136 (base 9) to base 3.
-10100011020
35d3 (base 15) to base 3
120201000
What is -27162 (base 8) in base 4?
-2321302
Convert -45 (base 10) to base 6.
-113
What is -1654 (base 8) in base 15?
-42a
-45069 (base 10) to base 11
-30952
Convert -24225 (base 9) to base 5.
-1004343
101001000 (base 2) to base 11
279
-321555 (base 7) to base 8
-155053
-200111 (base 3) to base 4
-13303
Convert -456 (base 12) to base 5.
-10032
-2212 (base 3) to base 2
-1001101
15600 (base 8) to base 10
7040
What is 103575 (base 8) in base 6?
424325
Convert -52245 (base 6) to base 12.
-4085
2001 (base 3) to base 15
3a
Convert -8770 (base 11) to base 3.
-120212121
Convert -101010111001 (base 2) to base 7.
-11001
What is 1000010001010 (base 2) in base 15?
13c4
a296 (base 12) to base 10
17682
Convert -31110100 (base 4) to base 2.
-1101010100010000
What is 2112222001 (base 3) in base 2?
1100010001100011
Convert -210020 (base 3) to base 13.
-351
What is 10223 (base 4) in base 15?
14e
6050 (base 7) to base 12
1265
Convert 11501 (base 7) to base 4.
232232
-91 (base 15) to base 11
-114
-cab (base 13) to base 12
-1309
What is a3 (base 13) in base 7?
250
1001 (base 5) to base 2
1111110
Convert -1000100111 (base 2) to base 16.
-227
What is -1022020 (base 3) in base 13?
-582
-101110112 (base 3) to base 7
-31145
What is 1465 (base 9) in base 11?
921
What is -2c1 (base 13) in base 14?
-275
-102212010 (base 3) to base 16
-21c3
Convert 11100100 (base 2) to base 12.
170
-123311 (base 5) to base 8
-11337
What is 14123 (base 7) in base 4?
323333
What is -4415 (base 9) in base 15?
-e6e
What is 556 (base 10) in base 2?
1000101100
What is 1fa (base 16) in base 9?
622
13414 (base 6) to base 9
2781
8315 (base 10) to base 5
231230
What is -835 (base 11) in base 16?
-3ee
Convert c41 (base 13) to base 6.
13345
26410 (base 8) to base 12
6808
Convert -4e6 (base 16) to base 2.
-10011100110
8a (base 14) to base 12
a2
What is 102002 (base 4) in base 13?
6aa
What is 4c8c (base 13) in base 7?
43605
What is 52b (base 12) in base 13?
461
-122032 (base 4) to base 12
-b7a
What is -115007 (base 9) in base 15?
-157c7
-3246 (base 7) to base 8
-2211
Convert 1100111001101 (base 2) to base 7.
25154
What is -412203 (base 5) in base 14?
-4c72
-1188 (base 16) to base 6
-32440
What is -2230 (base 6) in base 12?
-376
Convert 414b (base 13) to base 6.
105432
What is 54226 (base 7) in base 4?
3102313
Convert 61861 (base 9) to base 3.
2001222001
20155 (base 6) to base 11
2001
Convert 21311230 (base 4) to base 12.
1b3a4
112515 (base 6) to base 15
2d15
What is 6ee (base 15) in base 12?
ab2
Convert 191c (base 14) to base 8.
10666
-4147 (base 14) to base 13
-5163
What is -401 (base 16) in base 6?
-4425
-13400 (base 5) to base 10
-1100
Convert -103203 (base 4) to base 12.
-883
What is 1000111111 (base 2) in base 6?
2355
Convert aa9 (base 12) to base 15.
6e9
Convert -11212202 (base 3) to base 10.
-3557
1263 (base 8) to base 7
2005
What is -8814 (base 13) in base 16?
-4a01
-1211202 (base 5) to base 6
-252553
1101031 (base 4) to base 2
1010001001101
-b15c (base 13) to base 7
-131114
Convert -8448 (base 10) to base 11.
-6390
What is 413 (base 12) in base 3?
210220
What is 436 (base 9) in base 3?
111020
11111000110010 (base 2) to base 6
201414
What is -330 (base 12) in base 15?
-213
Convert 111214 (base 6) to base 15.
2b9a
-5620 (base 9) to base 13
-1b72
What is -410 (base 6) in base 14?
-aa
64cc (base 13) to base 4
3123022
What is -428 (base 9) in base 15?
-185
Convert 200211101 (base 3) to base 11.
a349
What is -1223214 (base 5) in base 9?
-35276
What is 340244 (base 5) in base 4?
2322231
What is 279 (base 15) in base 5?
4224
-12623 (base 10) to base 14
-4859
What is -12a4 (base 11) in base 15?
-777
What is 314 (base 7) in base 10?
158
Convert 11001110110 (base 2) to base 16.
676
3ce4 (base 16) to base 12
9030
Convert -295 (base 15) to base 8.
-1116
What is -100000111110101 (base 2) in base 5?
-1020020
84c (base 16) to base 8
4114
What is 10011001101110 (base 2) in base 15?
2dad
Convert -12847 (base 10) to base 13.
-5b03
100110011101 (base 2) to base 6
15221
Convert -839c (base 16) to base 11.
-2334a
What is -1523 (base 8) in base 15?
-3bb
bcc (base 15) to base 9
3583
-ce (base 15) to base 10
-194
Convert -11598 (base 12) to base 13.
-a7b4
-66c2 (base 15) to base 8
-52426
Convert 2ca (base 13) to base 9.
620
Convert 1c034 (base 13) to base 6.
1102252
What is 65064 (base 8) in base 14?
9ca0
Convert 1200211020 (base 3) to base 11.
23109
Convert 11111111 (base 2) to base 16.
ff
-d93 (base 16) to base 2
-110110010011
What is -16515 (base 11) in base 4?
-11223100
Convert -6a8a (base 14) to base 10.
-18546
Convert bea (base 16) to base 6.
22042
What is -2113211 (base 4) in base 13?
-4553
-1110 (base 7) to base 15
-1b9
Convert -11200233 (base 4) to base 13.
-a377
-2104 (base 6) to base 13
-2a4
What is 1100001011 (base 2) in base 15?
36e
Convert -208c (base 15) to base 10.
-6882
What is 30053 (base 6) in base 3?
12101020
Convert -234021 (base 6) to base 4.
-10331131
Convert -1c1 (base 16) to base 4.
-13001
What is d44d (base 16) in base 5?
3214344
2984 (base 11) to base 5
110333
-320 (base 10) to base 4
-11000
-36715 (base 9) to base 11
-17569
20011 (base 7) to base 6
34134
-1441 (base 8) to base 2
-1100100001
Convert 68e2 (base 16) to base 5.
1324400
-2102022 (base 3) to base 10
-1763
What is 425 (base 8) in base 10?
277
Convert 1111010111010110 (base 2) to base 14.
18d14
What is 223d (base 14) in base 6?
43251
What is -20e0 (base 15) in base 12?
-4040
What is -301332 (base 5) in base 11?
-7230
What is 12331 (base 4) in base 9?
544
Convert 922 (base 13) to base 14.
7c9
What is 655 (base 14) in base 9?
1640
What is 1231113 (base 4) in base 5?
210444
What is 4b0 (base 13) in base 8?
1463
Convert 14252 (base 6) to base 2.
100011011000
Convert 2781 (base 9) to base 13.
c55
-134d (base 15) to base 11
-3109
-63340 (base 7) to base 13
-714a
-106a (base 14) to base 5
-42323
5525 (base 8) to base 6
21233
Convert 168 (base 13) to base 8.
377
What is -112404 (base 7) in base 16?
-4e7e
2e1 (base 16) to base 9
1008
What is -b22 (base 12) in base 8?
-3112
Convert 524 (base 6) to base 13.
121
-614 (base 9) to base 8
-763
-101023 (base 4